522.
261
What is the greatest common divisor of 1148 and 104104?
28
Calculate the highest common factor of 5917 and 3233.
61
Calculate the greatest common divisor of 815878 and 202.
202
What is the greatest common divisor of 169906 and 286?
22
What is the greatest common factor of 212544 and 5751?
81
What is the greatest common factor of 117040 and 9520?
560
What is the highest common factor of 56 and 54068?
28
Calculate the greatest common divisor of 714 and 105434.
238
Calculate the greatest common divisor of 189 and 3672.
27
What is the highest common divisor of 11440 and 52160?
80
What is the greatest common divisor of 12364 and 1606?
22
Calculate the greatest common factor of 4235 and 231.
77
What is the greatest common factor of 245 and 73598?
49
Calculate the highest common factor of 274010 and 16027.
517
Calculate the greatest common factor of 1365 and 13810.
5
Calculate the highest common factor of 4892 and 164.
4
What is the highest common factor of 17302230 and 330?
330
What is the greatest common divisor of 532 and 1931426?
266
What is the greatest common divisor of 1660 and 200?
20
What is the highest common factor of 1359 and 38061?
9
What is the highest common factor of 111 and 6747357?
111
What is the highest common divisor of 793 and 1955477?
61
Calculate the highest common factor of 157 and 389674.
157
What is the greatest common divisor of 37948 and 6265?
179
What is the highest common factor of 256 and 155520?
128
What is the highest common factor of 3 and 2361?
3
What is the greatest common divisor of 168292 and 4?
4
What is the greatest common factor of 28140 and 490?
70
Calculate the highest common divisor of 531 and 93735.
9
What is the highest common divisor of 1083940 and 260?
260
What is the highest common factor of 929 and 1626679?
929
What is the greatest common factor of 136 and 345457?
17
Calculate the greatest common divisor of 82 and 4717214.
82
What is the highest common factor of 748 and 29546?
374
What is the greatest common factor of 106 and 1144?
2
What is the highest common divisor of 66 and 4566?
6
Calculate the highest common divisor of 14837 and 481.
37
What is the highest common factor of 18 and 1164984?
6
What is the highest common divisor of 120 and 55030?
10
What is the greatest common factor of 1890 and 280854?
378
What is the greatest common divisor of 82 and 649153?
41
What is the highest common divisor of 1668 and 48?
12
Calculate the greatest common factor of 3484852 and 98.
14
What is the highest common factor of 211080 and 1080?
120
Calculate the highest common factor of 494 and 289796.
26
Calculate the highest common divisor of 8 and 441216.
8
Calculate the highest common factor of 111416 and 437.
19
Calculate the greatest common factor of 55 and 31295.
55
What is the highest common factor of 9 and 194067?
9
What is the greatest common divisor of 13909701 and 41?
41
Calculate the greatest common divisor of 37823 and 11451.
347
Calculate the highest common divisor of 230370 and 42.
42
What is the highest common divisor of 5941 and 13?
13
Calculate the greatest common divisor of 640 and 2887840.
160
What is the greatest common divisor of 21973 and 301?
301
Calculate the greatest common divisor of 5604 and 15.
3
What is the greatest common divisor of 336 and 17952?
48
What is the highest common factor of 18312 and 5376?
168
Calculate the greatest common factor of 91568 and 75272.
776
What is the greatest common divisor of 2812 and 37333?
37
What is the greatest common factor of 1755 and 111345?
195
Calculate the greatest common factor of 19106 and 164.
82
What is the highest common divisor of 23 and 460253?
23
What is the greatest common divisor of 45905 and 1?
1
Calculate the highest common factor of 1812310 and 1220.
610
Calculate the greatest common factor of 369096 and 338.
338
Calculate the greatest common divisor of 14186 and 2422.
346
Calculate the highest common factor of 6408 and 2403.
801
What is the highest common divisor of 623231 and 79?
79
What is the highest common divisor of 168 and 1272936?
168
Calculate the greatest common divisor of 24 and 29958.
6
What is the highest common divisor of 13294 and 46?
46
Calculate the highest common divisor of 400 and 7300.
100
Calculate the greatest common factor of 615 and 131364.
123
What is the highest common divisor of 10280 and 535?
5
What is the highest common divisor of 26810 and 80?
10
Calculate the greatest common factor of 325115 and 5.
5
What is the greatest common factor of 261650 and 60?
10
What is the greatest common factor of 1605 and 2085?
15
What is the highest common factor of 1520 and 4370?
190
What is the highest common divisor of 238 and 182?
14
Calculate the highest common factor of 1440 and 47772.
36
What is the highest common factor of 10 and 71035?
5
Calculate the greatest common factor of 50726 and 39.
13
What is the greatest common divisor of 8323 and 5278?
203
Calculate the highest common divisor of 76365 and 315.
45
What is the highest common divisor of 268299 and 13851?
513
What is the highest common factor of 80311 and 495?
11
What is the greatest common factor of 7420 and 141330?
70
Calculate the highest common divisor of 3200 and 779648.
128
What is the highest common factor of 2024 and 106766?
506
What is the highest common divisor of 3087 and 298179?
63
Calculate the highest common divisor of 23048 and 232.
8
Calculate the greatest common divisor of 648 and 189.
27
Calculate the highest common factor of 414 and 23166.
18
What is the highest common factor of 8494132 and 4744?
2372
What is the greatest common factor of 112 and 8596?
28
What is the greatest common divisor of 5750 and 6575?
25
Calculate the highest common factor of 891110 and 20.
10
Calculate the greatest common divisor of 24 and 12195012.
12
Calculate the greatest common factor of 909 and 583679.
101
Calculate the highest common factor of 140359 and 2328.
97
What is the highest common divisor of 86526 and 100073?
437
What is the greatest common divisor of 46596 and 6996?
132
Calculate the greatest common factor of 790 and 2606605.
395
What is the highest common divisor of 146 and 721678?
146
Calculate the greatest common factor of 1515 and 6965970.
1515
Calculate the greatest common factor of 198660 and 24.
12
What is the highest common factor of 7777 and 1375?
11
Calculate the highest common factor of 378 and 47439.
189
Calculate the highest common factor of 24975 and 7215.
555
What is the highest common factor of 282048 and 1017?
339
Calculate the highest common divisor of 515515 and 4017.
1339
Calculate the greatest common divisor of 13676 and 130.
26
Calculate the greatest common factor of 19 and 140847.
19
Calculate the greatest common factor of 21196 and 49.
7
Calculate the highest common divisor of 1293690 and 150.
30
Calculate the highest common divisor of 140 and 623140.
140
Calculate the highest common factor of 43200 and 648.
216
Calculate the greatest common divisor of 69 and 1000155.
69
What is the highest common divisor of 7373 and 404?
101
Calculate the highest common factor of 2766 and 480362.
922
What is the highest common factor of 243 and 963495?
243
Calculate the highest common divisor of 75 and 995.
5
Calculate the highest common divisor of 894810 and 1050.
210
Calculate the highest common factor of 33194 and 4844.
14
What is the greatest common factor of 5069 and 5809?
37
What is the greatest common divisor of 229770 and 135?
135
What is the highest common factor of 135626 and 34?
34
What is the greatest common factor of 224 and 3346?
14
Calculate the greatest common divisor of 207 and 17756.
23
What is the highest common factor of 54029 and 1671?
557
Calculate the greatest common divisor of 1934991 and 153.
153
What is the highest common factor of 77 and 79145?
11
What is the highest common divisor of 21842 and 14018?
326
What is the highest common factor of 77826 and 21?
21
What is the greatest common divisor of 87 and 35786?
29
What is the greatest common divisor of 72 and 15516?
36
Calculate the greatest common divisor of 4779 and 26568.
81
Calculate the greatest common divisor of 56 and 302392.
8
Calculate the highest common divisor of 180814 and 2.
2
What is the greatest common divisor of 9 and 766431?
9
What is